ctors of 228155948?
2, 991, 57557
What are the prime factors of 81120740?
2, 5, 53, 103, 743
List the prime factors of 738697391.
738697391
What are the prime factors of 72391035?
3, 5, 41, 117709
What are the prime factors of 31744085?
5, 53, 103, 1163
What are the prime factors of 557916017?
197, 653, 4337
What are the prime factors of 1205751855?
3, 5, 7, 11, 53, 19697
List the prime factors of 158232403.
7, 22604629
List the prime factors of 4798066701.
3, 1599355567
List the prime factors of 297010686.
2, 3, 7, 83, 85201
List the prime factors of 5557203.
3, 617467
List the prime factors of 187072923.
3, 2579, 24179
List the prime factors of 1313210.
2, 5, 131321
What are the prime factors of 390250853?
4793, 81421
What are the prime factors of 1023866711?
7, 20895239
List the prime factors of 809175242.
2, 404587621
List the prime factors of 383074476.
2, 3, 23, 79, 17569
List the prime factors of 710051530.
2, 5, 41, 1187, 1459
What are the prime factors of 28058486?
2, 29, 483767
List the prime factors of 280503956.
2, 37, 997, 1901
List the prime factors of 1565111829.
3, 151, 3454993
What are the prime factors of 621567698?
2, 73, 4257313
What are the prime factors of 66731597?
457, 146021
List the prime factors of 220125967.
220125967
What are the prime factors of 1102827?
3, 11, 23, 1453
What are the prime factors of 138463860?
2, 3, 5, 379, 6089
List the prime factors of 4186193.
11, 380563
What are the prime factors of 53786292?
2, 3, 7, 43, 14891
What are the prime factors of 37937684?
2, 29, 359, 911
What are the prime factors of 213410226?
2, 3, 35568371
List the prime factors of 32974665.
3, 5, 97, 131, 173
What are the prime factors of 2257829710?
2, 5, 47, 593, 8101
What are the prime factors of 1970483389?
7, 281497627
What are the prime factors of 43127931?
3, 7, 11, 186701
List the prime factors of 1963048238.
2, 53, 18519323
What are the prime factors of 62843815?
5, 17, 227, 3257
What are the prime factors of 564178040?
2, 5, 23, 41, 14957
What are the prime factors of 60205985?
5, 7, 1720171
List the prime factors of 19313543.
19313543
List the prime factors of 38034223.
173, 219851
List the prime factors of 3065999050.
2, 5, 61319981
What are the prime factors of 25326205?
5, 83, 61027
What are the prime factors of 223996952?
2, 27999619
List the prime factors of 359278088.
2, 13, 3454597
What are the prime factors of 512821224?
2, 3, 7122517
What are the prime factors of 23669375?
5, 37871
List the prime factors of 22096074.
2, 3, 7, 11, 13, 283
List the prime factors of 105825884.
2, 17, 1556263
What are the prime factors of 236977534?
2, 443, 267469
What are the prime factors of 147166087?
147166087
What are the prime factors of 21824979?
3, 11, 103, 6421
What are the prime factors of 364558709?
364558709
What are the prime factors of 3616004129?
53, 68226493
What are the prime factors of 33513472?
2, 4091
What are the prime factors of 41644477?
7, 5949211
List the prime factors of 313568919.
3, 577, 60383
List the prime factors of 107436353.
53, 2027101
List the prime factors of 742734319.
1601, 463919
What are the prime factors of 106808904?
2, 3, 43, 34499
What are the prime factors of 2741056636?
2, 9277, 73867
List the prime factors of 290138587.
43, 887, 7607
What are the prime factors of 329411309?
329411309
What are the prime factors of 1076715559?
1076715559
What are the prime factors of 1286250881?
647, 1988023
What are the prime factors of 106641650?
2, 5, 827, 2579
List the prime factors of 75444445.
5, 2339, 6451
List the prime factors of 3140242024.
2, 19, 173, 119419
List the prime factors of 319724653.
1301, 245753
List the prime factors of 787240697.
787240697
What are the prime factors of 3000110390?
2, 5, 300011039
List the prime factors of 1373108036.
2, 19, 37, 488303
What are the prime factors of 46720647?
3, 821, 6323
List the prime factors of 77353438.
2, 1973, 19603
List the prime factors of 166312613.
31, 5364923
What are the prime factors of 61274589?
3, 113, 180751
List the prime factors of 182363137.
11, 16578467
What are the prime factors of 1886461698?
2, 3, 11, 79, 361807
What are the prime factors of 99081795?
3, 5, 719, 9187
What are the prime factors of 18507368?
2, 11, 19, 11069
What are the prime factors of 6923070?
2, 3, 5, 7, 11, 37
What are the prime factors of 139300887?
3, 11, 31, 12379
List the prime factors of 217893698.
2, 11, 313, 31643
List the prime factors of 86446006.
2, 23, 81707
What are the prime factors of 1692298042?
2, 19, 41, 1086199
List the prime factors of 190720663.
7, 27245809
What are the prime factors of 5861628518?
2, 2930814259
List the prime factors of 34544255.
5, 17, 406403
What are the prime factors of 66962716?
2, 2557, 6547
List the prime factors of 310272914.
2, 7, 29, 113, 6763
List the prime factors of 146348477.
11, 103, 129169
What are the prime factors of 30550017?
3, 10183339
List the prime factors of 249805959.
3, 13, 631, 10151
What are the prime factors of 102548826?
2, 3, 89, 64013
List the prime factors of 203795578.
2, 7, 101, 1427
What are the prime factors of 5606703246?
2, 3, 67, 1999, 6977
What are the prime factors of 1655667359?
1655667359
List the prime factors of 16887271.
16887271
List the prime factors of 232837936.
2, 14552371
What are the prime factors of 423242370?
2, 3, 5, 17, 276629
List the prime factors of 48232822.
2, 11, 61, 127, 283
List the prime factors of 549415089.
3, 20348707
List the prime factors of 3716129137.
7, 71, 7477121
List the prime factors of 1112501940.
2, 3, 5, 11, 37, 45557
List the prime factors of 1420665124.
2, 355166281
List the prime factors of 14311007.
29, 53, 9311
List the prime factors of 1299764766.
2, 3, 71, 3051091
List the prime factors of 134451173.
109, 1233497
List the prime factors of 1131832603.
11, 19, 5415467
List the prime factors of 14829505.
5, 2965901
List the prime factors of 2297078645.
5, 809, 567881
List the prime factors of 423251647.
7, 13, 167, 27851
What are the prime factors of 873954633?
3, 67, 463, 9391
What are the prime factors of 29403104?
2, 643, 1429
What are the prime factors of 430764599?
19, 22671821
List the prime factors of 7558647305.
5, 11, 37, 3714323
List the prime factors of 47505247.
47505247
List the prime factors of 1416875630.
2, 5, 47, 3014629
List the prime factors of 2669661638.
2, 7, 190690117
What are the prime factors of 366415450?
2, 5, 17, 431077
What are the prime factors of 14248246?
2, 7124123
What are the prime factors of 3009110?
2, 5, 13, 79, 293
What are the prime factors of 2619859483?
53, 49431311
What are the prime factors of 353395251?
3, 11, 37, 32159
List the prime factors of 38907497.
19, 107777
List the prime factors of 11109050.
2, 5, 43, 5167
What are the prime factors of 27207022?
2, 23, 591457
What are the prime factors of 573320671?
7, 11, 41, 181603
List the prime factors of 435051294.
2, 3, 1409, 51461
What are the prime factors of 1107958106?
2, 157, 223, 15823
List the prime factors of 74143328.
2, 7, 330997
List the prime factors of 39917349.
3, 73, 60757
What are the prime factors of 2723382308?
2, 347, 1962091
List the prime factors of 101863740.
2, 3, 5, 11, 154339
What are the prime factors of 43632504?
2, 3, 691, 877
What are the prime factors of 633532335?
3, 5, 751, 56239
What are the prime factors of 25569088?
2, 17, 71, 331
What are the prime factors of 2418779021?
19, 619, 205661
What are the prime factors of 880768387?
37, 23804551
What are the prime factors of 652821424?
2, 40801339
List the prime factors of 54541380.
2, 3, 5, 909023
What are the prime factors of 27231828?
2, 3, 13, 227, 769
What are the prime factors of 174363787?
13, 359, 37361
What are the prime factors of 119423383?
23, 37, 140333
List the prime factors of 3012577537.
61, 269, 183593
What are the prime factors of 96645612?
2, 3, 7, 17, 67679
What are the prime factors of 58474417?
61, 557, 1721
List the prime factors of 401507783.
79, 5082377
List the prime factors of 1385177939.
1385177939
What are the prime factors of 95962453?
31, 3095563
What are the prime factors of 1783959315?
3, 5, 677, 175673
List the prime factors of 2004030464.
2, 31, 63131
What are the prime factors of 52891675?
5, 17, 97, 1283
What are the p